{"id":6617,"date":"2026-05-14T16:02:53","date_gmt":"2026-05-14T14:02:53","guid":{"rendered":"https:\/\/alberto.pruebasdugage.es\/?post_type=product&#038;p=6617"},"modified":"2026-05-14T16:02:53","modified_gmt":"2026-05-14T14:02:53","slug":"camiseta-algodon-bicolor-manga-larga","status":"publish","type":"product","link":"https:\/\/alberto.pruebasdugage.es\/?product=camiseta-algodon-bicolor-manga-larga","title":{"rendered":"Camiseta algod\u00f3n bicolor manga larga"},"content":{"rendered":"","protected":false},"excerpt":{"rendered":"<p>Cuello redondo de canal\u00e9, en color contraste Cubrecosturas con cinta de espiga Cintas reflectantes en torso y mangas Pu\u00f1os de canal\u00e9<\/p>\n","protected":false},"featured_media":0,"comment_status":"open","ping_status":"closed","template":"","meta":[],"product_brand":[],"product_cat":[83,137],"product_tag":[],"class_list":{"0":"post-6617","1":"product","2":"type-product","3":"status-publish","5":"product_cat-alta-visibilidad","6":"product_cat-polos","8":"first","9":"instock","10":"shipping-taxable","11":"product-type-simple"},"_links":{"self":[{"href":"https:\/\/alberto.pruebasdugage.es\/index.php?rest_route=\/wp\/v2\/product\/6617","targetHints":{"allow":["GET"]}}],"collection":[{"href":"https:\/\/alberto.pruebasdugage.es\/index.php?rest_route=\/wp\/v2\/product"}],"about":[{"href":"https:\/\/alberto.pruebasdugage.es\/index.php?rest_route=\/wp\/v2\/types\/product"}],"replies":[{"embeddable":true,"href":"https:\/\/alberto.pruebasdugage.es\/index.php?rest_route=%2Fwp%2Fv2%2Fcomments&post=6617"}],"wp:attachment":[{"href":"https:\/\/alberto.pruebasdugage.es\/index.php?rest_route=%2Fwp%2Fv2%2Fmedia&parent=6617"}],"wp:term":[{"taxonomy":"product_brand","embeddable":true,"href":"https:\/\/alberto.pruebasdugage.es\/index.php?rest_route=%2Fwp%2Fv2%2Fproduct_brand&post=6617"},{"taxonomy":"product_cat","embeddable":true,"href":"https:\/\/alberto.pruebasdugage.es\/index.php?rest_route=%2Fwp%2Fv2%2Fproduct_cat&post=6617"},{"taxonomy":"product_tag","embeddable":true,"href":"https:\/\/alberto.pruebasdugage.es\/index.php?rest_route=%2Fwp%2Fv2%2Fproduct_tag&post=6617"}],"curies":[{"name":"wp","href":"https:\/\/api.w.org\/{rel}","templated":true}]}}